 digit of f/4 + (0 - -8)?
1
Suppose 3*v + 6*v = 657. What is the tens digit of v?
7
Suppose -148 = -t + 6. What is the tens digit of t?
5
Let i be ((-27)/(-45))/((-2)/(-10)). Let b be (-3)/9*-1*9. What is the units digit of i/9 - (-5)/b?
2
Suppose 1 = q - 2*n + 3, 5*q - 2*n + 50 = 0. What is the tens digit of 7 - q/(-3) - -46?
4
Let u(v) = 0 + 4*v - v**3 - v - 1 - 4*v**2. What is the units digit of u(-5)?
9
Suppose 21*n - 350 = 19*n. What is the hundreds digit of n?
1
Let r = -158 + 302. What is the units digit of r?
4
Let l be (2/(-3))/((-1)/3). Suppose 4*o - 8 - 15 = -3*u, -l*o + 3*u = -25. What is the units digit of o?
8
Let m be 5/3 - 6/(-18). What is the units digit of m/(-1) + 4 - 1?
1
Let m(f) = -7*f + 3. Let a be m(-6). Let q = -66 + a. Let z = -9 - q. What is the tens digit of z?
1
Let p(v) be the second derivative of 3*v**4/2 - v**2/2 - v. What is the units digit of p(1)?
7
Let y(j) = j + 8. Let v be y(-8). Suppose 5*b + 0*b + 50 = v. What is the units digit of (-94)/b + 6/10?
0
Let y = -24 + 14. Let o = 16 + y. Let h = 1 + o. What is the units digit of h?
7
Let w(b) be the third derivative of 0*b + 0 + 1/60*b**5 + 1/3*b**3 + 7/24*b**4 - 3*b**2. What is the units digit of w(-7)?
2
Suppose -b + 0 = -10. Suppose 0 = 3*z - z + b, 11 = c - 3*z. What is the units digit of c/(-6)*27/2?
9
Let j be ((-10)/(-3))/(8/(-12)). What is the tens digit of 790/25 + 3/j?
3
Let q = 56 + 23. What is the tens digit of q?
7
Let q = -2 + 3. Let x = 3 - q. What is the units digit of x?
2
Let v(p) = -p**2 - 2*p + 3. Let x be v(-3). Suppose -34 = -2*y - 4*b, -3*y - b = 3*b - 61. Suppose x*r + y = 3*r. What is the units digit of r?
9
Let q(o) = o + 2. Let w = -3 + 5. What is the units digit of q(w)?
4
Let h = 8 - 7. What is the units digit of h - 1 - 3 - -28?
5
Suppose 0 = d - 2*d + w + 30, 2*d = 3*w + 62. Suppose -3*t + 42 = -5*p, -2*t + 0*p + d = -2*p. What is the units digit of t?
4
What is the units digit of (-8)/8 + 3*11?
2
Let u = -2 - -67. What is the tens digit of u?
6
Suppose 2*q + 317 = 3*h, 3*q - 70 - 54 = -h. What is the hundreds digit of h?
1
Let p(n) = n**3 + 9*n**2 + 7*n. Let o be p(-8). Let b(x) = 5*x - x**3 + 3*x + 0*x**2 + 7*x**2 + 11. What is the tens digit of b(o)?
1
Let s be (1/4)/((-1)/(-8)). Suppose 3*l + 5*v = -s, -4*l + 0*v + 5*v = 26. Let b = 2 - l. What is the units digit of b?
6
Suppose 0 = -2*h - d + 573, 2*d + 79 = -5*h + 1511. What is the hundreds digit of h?
2
Suppose -3*j + 5*r - 14 = -j, j + 2*r - 11 = 0. Let t = 1 - -1. Suppose -t*x - 5 = j*x, -5*x + 1 = w. What is the units digit of w?
6
Let p(i) be the second derivative of -i**4/12 - 8*i**3/3 - 9*i**2 - 5*i. What is the tens digit of p(-14)?
1
Suppose j - 5 = 0, -4*t - 2*j = -9 - 1. Suppose -65 = -3*m + a, t = -3*m - 3*a - 0*a + 57. What is the units digit of m?
1
Let u = -2 - 5. What is the units digit of (-2 - u)/((-2)/(-10))?
5
Suppose 2*y - 4*j + 3 - 13 = 0, 21 = y + 2*j. Suppose y = -a + 32. What is the units digit of a?
9
Suppose a + t - 70 = 0, 5*t - 80 = -2*a + 45. Suppose -q + 6*q = -a. What is the units digit of (9/(-15))/(1/q)?
9
Suppose 3*v - 5*v + 640 = 0. What is the units digit of v?
0
Suppose 0 = 3*g - 12, -2*x = -6*x + 2*g - 48. Let s be ((-6)/3)/((-4)/x). Let n = 3 - s. What is the units digit of n?
8
Let a = 2 - -10. Suppose -u = 2*u - a. Suppose u*s + 4*h - 48 = 0, -2*s + 5*h - h + 12 = 0. What is the units digit of s?
0
Let f(z) = -z**3 - 2*z**2 + 8*z + 6. What is the units digit of f(-5)?
1
Let j(u) = u**2 - 3*u + 14. What is the units digit of j(0)?
4
Suppose 11 = -4*z + 3. Let f(q) = -7*q - 1. What is the tens digit of f(z)?
1
Suppose 2*c - 7 = 1. Suppose -88 = c*x - 8*x. What is the tens digit of x?
2
Suppose -5*s + 5*o = -0*s - 495, 5*o - 15 = 0. Let a be s/(-30) + 4/10. What is the units digit of a/2*2/(-3)?
1
Let v(j) = 5*j. Let y(m) = 3*m - 1. Let a be y(1). What is the units digit of v(a)?
0
Let t(k) = k**2 - 3*k - 7. Let o be t(6). Let b(r) = 4*r + 14. What is the units digit of b(o)?
8
What is the units digit of 4 + (-1)/(3/(-87))?
3
Let k(u) = -u - 4. What is the units digit of k(-5)?
1
Let p(s) = s**3 - 8*s**2 + 8*s + 1. Let g be p(7). Suppose a - 32 = g. What is the tens digit of a?
4
Suppose -6*n + n = 690. What is the units digit of n/(-10) - (-2)/10?
4
Suppose -1 - 4 = 5*s. Let q = 11 + s. What is the tens digit of q?
1
Let x = 3 + -5. Let z be (5 - 1)*(-1)/x. Suppose -4*y = z*g - 18, -3*g = -0*g - 2*y - 43. What is the units digit of g?
3
Suppose -3*s - y + 3*y + 39 = 0, 2*s = y + 25. What is the units digit of s?
1
Suppose 0 + 8 = 4*x. Let i(h) = 5*h**2 + 2*h**2 - 3*h**3 - 4*h**2 + 2*h + x*h**3. What is the units digit of i(3)?
6
Suppose 11 = -5*d + 71. What is the units digit of d?
2
Suppose 0 = 2*o + 3*o + 25. Let l(g) = -2*g**2 - 19*g + 13. Let q(a) = a**2 + 9*a - 7. Let r(i) = o*q(i) - 2*l(i). What is the units digit of r(-7)?
9
Let a = 4 + 4. Suppose 5*q + 1 = 4*w, -5*q - w + 11 = -a. What is the units digit of q?
3
Let z be (12*11)/(-3) - 3. Let a = -33 - z. What is the tens digit of a?
1
Let g = -12 - -15. What is the units digit of g?
3
Suppose -4*m + 3*x = -22, x = -3*x - 8. Suppose -4*h + m = -12. Suppose 4*i + 5*u - 58 = 0, 7*u - 18 = -i + h*u. What is the units digit of i?
2
Let m be (-9)/(-15) - 12/(-5). Suppose -19 = -4*a + 2*a + m*d, -11 = 2*a + 3*d. Suppose -n + 48 = a*n. What is the units digit of n?
6
Suppose -2*q - 3*q = -15. Suppose -1 = -n + q. What is the units digit of n + 4/(-2) + 7?
9
Let f = 4 + -18. Let t be 4/(-6) + f/(-3). What is the units digit of (t - 2)/((-4)/(-2))?
1
Suppose -227 = -6*a - 11. What is the tens digit of a?
3
Let b(i) = 5*i**2 + 2*i + 2. What is the units digit of b(-2)?
8
Suppose -5*c - 11*c = -5616. What is the units digit of c?
1
Suppose -62 = -4*m + 38. Suppose -6*c = -2*c + 5*r - 57, m = 5*r. Suppose 2*b + b = a - c, 0 = -4*a + b + 10. What is the units digit of a?
2
Let r = -6 + 15. What is the units digit of r?
9
Let j(w) = w**3 - 6*w**2 + 8*w + 12. What is the units digit of j(6)?
0
What is the tens digit of 5 + (4 - 11) - (-41 + 0)?
3
Let l = -2 + -20. What is the tens digit of (-1)/(0 + 2/l)?
1
Suppose 4*p = -p + 15. Suppose j - v - 71 = -p*j, -3*v = -3. What is the tens digit of j?
1
Let u = -32 + 34. Suppose 2*w - 8 = -0. What is the units digit of u/8 - (-23)/w?
6
Let z = 661 - 445. What is the hundreds digit of z?
2
Let i(u) = 51*u**2 - 3*u + 1. What is the tens digit of i(1)?
4
Let b be (15/12)/(2/(-8)). Let q(o) = -o - 2. Let f be q(b). Suppose -3*w + w = f*k - 37, -4*k + 40 = -2*w. What is the tens digit of k?
1
Let q(l) = 4*l**2 - l - 7. What is the tens digit of q(-5)?
9
Let a(y) = -10*y + 2. Let o be a(-3). Suppose -b + o = -0*b. What is the tens digit of b?
3
Let z be -2*(2/(-2) + -1). Suppose -z*r = r. What is the units digit of 23 - (1 + 2 + r)?
0
Suppose f + r - 503 = -3*f, -533 = -4*f + 5*r. What is the hundreds digit of f?
1
Let h = -276 - -494. What is the units digit of h?
8
Suppose 48 = -4*w + 136. What is the tens digit of w?
2
Let g(j) = -8*j - 4. Let a = 17 + -8. Suppose o + 2*o = -a. What is the tens digit of g(o)?
2
Suppose -5*q - 2*x = -543, -q + 5*x + 87 = -0*q. Suppose 2*k = -3*z - 39 + q, -4*k + 5*z = -92. What is the units digit of k?
8
Let f be (12/10)/((-2)/(-10)). Suppose 19 = 5*c - f. Suppose 37 = 3*n - 2*o, c*n - 6 = 2*o + 53. What is the units digit of n?
1
Let s(r) = -r + 1. Let t be s(-1). Suppose j = -t*j + 57. What is the tens digit of j?
1
Suppose 673 = 4*u - 5*t, 0 = 3*u - 5*t - 401 - 110. Suppose -u - 78 = -5*c. Suppose 5*r - c = x - 3*x, r = 4*x + 14. What is the units digit of r?
0
Let f(u) be the third derivative of 11*u**4/24 - 7*u**3/6 - 3*u**2. What is the units digit of f(4)?
7
Let q be 4*(-6)/16*2. Let k = 0 - q. What is the units digit of 1*k/6*10?
5
Suppose -k - 13*k = -924. What is the units digit of k?
6
Let f(q) = -2*q**3 - 1 - 2*q**2 + 7*q - 4*q**2 + 2*q**2 - 2*q**2. Let v be f(-5). Suppose v = 5*w - 21. What is the tens digit of w?
1
Suppose -3*y = -39 + 6. Let a be (-2)/4 + 14/(-4). Let u = a + y. What is the units digit of u?
7
Let g(w) = -w**3 + 8*w**2 + 11*w + 1. What is the units digit of g(9)?
9
Let p = 3 - -29. What is the units digit of p?
2
Suppose 0 = 2*k - 6 - 0. Suppose 3*d - 4*d = -3. Suppose -s + 33 = d